ivative of j**5/20 - 11*j**4/12 + j**3/6 - 9*j**2/2 + 3*j. Calculate r(m).
2
Let r(u) = u**3 - 2*u**2 - u. Suppose 4*s + s = 15. Suppose 3 + 3 = s*o. Suppose 0 = -2*l + 4*l - y - 2, o*l + 18 = -4*y. What is r(l)?
-2
Let t(c) = 21*c + 13. Let i(r) = -26*r - 13. Let m(f) = -3*i(f) - 4*t(f). Determine m(-3).
5
Let o(h) = 14*h**2. Let r(k) = -11*k**2 + 4*k - 5. Let c be r(1). Let n be (c/8)/((-3)/(-2)). What is o(n)?
14
Let j(u) = -u. Suppose 0 = -4*c + 72 - 4. Suppose 7*q = 5*q + 22. Let t = c - q. Calculate j(t).
-6
Let d(x) = 5 - 32*x + 17*x - 7*x**2 - x**3 - 3 + 11*x + 6. Calculate d(-7).
36
Let o(u) = -u**2 + 8 + 7 + 3 - 18. Let c = -11 - -7. Let j = c + 6. Give o(j).
-4
Let v = -643 + 637. Let t(p) be the second derivative of -7*p**3/6 - 5*p**2/2 - 3*p. Let a(u) = -10*u - 7. Let z(b) = 5*a(b) - 7*t(b). Calculate z(v).
6
Let d = -27 + 26. Let t be (0/d + 1)*2. Let j(u) = -u**3 + 5*u**3 + u**2 + t*u**3. What is j(-1)?
-5
Let x be 1 + -8 + 1 - (-42 - -48). Let o(p) = p**2 + 11*p - 4. Give o(x).
8
Suppose d = 14 + 8. Let p be d/55 - 6/(-10). Let t(s) = p + s**3 + 10*s - s**2 + 3*s**2 + 3*s**2 - 8*s. What is t(-5)?
-9
Let p(m) be the second derivative of m**6/120 + m**5/12 - m**4/4 + 5*m**3/6 + 4*m**2 - 10*m. Let b(i) be the first derivative of p(i). Give b(-6).
5
Suppose -3*n + 14 = 5*y, -y - 2*y - 5*n = -18. Let i(o) = o**2 - 4*o - 8 + 5 - y. Determine i(6).
8
Let f(q) be the third derivative of -3*q**5/10 - q**3/6 + 150*q**2. Determine f(-1).
-19
Let c(z) be the first derivative of -z**4/2 - 13*z**3/3 - 3*z**2 - 4*z + 97. Determine c(-6).
-4
Suppose -5*o - 3 + 18 = 0. Suppose -n + s - 3*s + 14 = 0, -o*n = 2*s - 26. Let y(j) = -n*j + 2*j + 0 - j**3 + 2 - 5*j**2 - j. Determine y(-4).
6
Let u(y) = 31*y - 64*y - 4 + 35*y + 2*y**3 + y**2 + 1 + 0*y**3. What is u(2)?
21
Let c(j) = -8*j**2. Let s be 1 + 2/(6/3). Suppose s*a + 3*a + l = 10, -5*l - 25 = 0. Suppose a*u - 1 = 2. Calculate c(u).
-8
Let k(t) = -15*t - 1. Let p(y) = 63*y + 3. Let n(u) = 9*k(u) + 2*p(u). Give n(-3).
24
Let v = -2493 + 2496. Let y(o) = -4*o + 4. Give y(v).
-8
Suppose 70 = -48*k - 74. Let n(c) be the third derivative of c**4/3 + c**3/6 + c**2. What is n(k)?
-23
Let c(a) = -6*a**3 - 2*a**2 + 1. Let u(o) = -3*o. Let x be u(-5). Suppose 0 = 2*y + y - x. Suppose -4 = -g + y*g. Give c(g).
5
Let p(x) = -17*x + 83. Let b(w) = -11*w + 55. Let k(s) = -8*b(s) + 5*p(s). Calculate k(6).
-7
Suppose -3*s + s = -2*w - 2, 3*s - 2 = 2*w. Let g be (2 + w)*(-4 - -7). Let x(y) be the second derivative of -y**4/12 + 7*y**3/6 - 2*y**2 + 7*y. Determine x(g).
8
Let h(w) = -3*w + 5. Let v(n) = -7*n + 10. Let x(c) = 5*h(c) - 2*v(c). Let y = 11 - 5. Calculate x(y).
-1
Let m(h) = 4*h**3 - 4*h**2 + 5. Let s(z) = 5*z**3 - 5*z**2 + 6. Let w = 1 + 11. Suppose -12*q - w = -8*q. Let d(k) = q*s(k) + 4*m(k). Give d(2).
6
Let s(n) = -n - 2. Let t(y) = -14*y**3 - y**2. Let v be t(1). Let g be 6/v + (-138)/30. Give s(g).
3
Suppose -3*h = -z - 17, z - h + 0 + 9 = 0. Let y(p) = 2*p**3 + 9*p**2 + 3*p + 4. Give y(z).
-36
Let v(n) = n + 1 - 2*n - 6. Let a(w) = -w - 8. Let f be a(0). Let j be f/(-36) - 168/27. What is v(j)?
1
Let u(b) = -7*b + 2. Let f = 272 - 268. What is u(f)?
-26
Let r(n) = -n**3 - 4*n**2 + 4*n + 3. Let v = 331 + -336. What is r(v)?
8
Let a = -344 - -349. Let z(u) = -u**2 + 2*u + 25. Determine z(a).
10
Let o(r) = -r**2 - 10*r + 28. Let q be o(-11). Let x = -14 - -2. Let p = x + q. Let s(t) = -t**2 + t + 7. Give s(p).
-13
Suppose l + 9*c = 19, -3*c = -4*l + 1 - 3. Let t(j) = -6*j**3 - j + 1. Determine t(l).
-6
Suppose 44*g - 36*g + 48 = 0. Let c(y) = -10*y - 3. Determine c(g).
57
Let u(j) = j + 15. Let d be u(-11). Let s(z) = z**3 - 3*z**2 - 4*z + 3. What is s(d)?
3
Let x(i) = 3*i**2 + i**3 - 10 + 6*i**2 - 4*i**2 - 9*i + 9*i**2 - 7*i**2. Calculate x(-8).
-2
Let j(d) = d**3 + 3*d**2 - 4*d - 6. Let w(m) = 4*m**2 - 2*m - 1. Let o be w(-1). Suppose l = -5*k + 16, -k + o*k + 4 = -5*l. What is j(l)?
-6
Suppose 0 = -2*l - 9 + 3, 2*x + 9 = l. Let f(t) = -t**2 - 5*t + 8. Let y be f(x). Let w(d) = d - 1. Determine w(y).
1
Let o(u) = u**3 + 3*u**2 + 2*u - 3. Let s(t) = 2*t**2 + 2*t - 2. Let q = -6 + 4. Let z be s(q). Suppose z = -3*y - 7. Determine o(y).
-9
Let f(h) = h**3 + 6*h**2 + 5*h + 5. Suppose -3*d = -d + 5*r - 12, 28 = -5*d + 2*r. Calculate f(d).
17
Let x(d) = -40*d**2 + 39*d**2 + 0*d - d. Suppose -12*n = -2*n + 130. Let k = 13 + n. What is x(k)?
0
Let i(p) = -p - 2. Let a be (28/35)/((-1)/(-5)). Let w(f) = -f**3 + 5*f**2 - f - 4. Let n be w(a). Give i(n).
-10
Let q(p) be the third derivative of -p**5/6 - p**4/24 + p**3/6 + 3*p**2 + 23. Let y(t) = -t**3 + 2*t**2 + 1. Let g be y(3). Let c be (2/g - 0)*-4. Give q(c).
-10
Suppose -s = -4*p - 7, 6 = -2*s - 156*p + 154*p. Let r(x) = 13*x**2 + 1. Let v(m) = -26*m**2 - 3. Let o(w) = 5*r(w) + 2*v(w). Calculate o(s).
12
Suppose 1 + 11 = -3*u - 4*s, -5*u = 2*s + 34. Let o(n) = -n**3 - 8*n**2 + 2*n + 12. Give o(u).
-4
Let h(n) = -n**2 + 11*n - 6. Let d be (0 - -40)/(-3 + 5). Suppose -3*x = -d - 13. Calculate h(x).
-6
Let y(x) = 9*x**3 - x**2 + x. Suppose 5*v - 198 = -193. Give y(v).
9
Let j = 108 + -104. Let m(c) = 2*c**2 - c. Calculate m(j).
28
Let w be (-1876)/(-402)*(0 - (-6)/(-4)). Let s(b) = -6*b - 9. Give s(w).
33
Let t(z) = -24*z**3 + 11*z**2 + z + 7. Let l(j) = -19*j**3 + 10*j**2 + j + 6. Let i(y) = 5*l(y) - 4*t(y). Calculate i(-6).
-4
Let v(z) = 9*z + 6. Let o(d) = -19*d - 17. Let q(g) = 10*g + 9. Let m(l) = 6*o(l) + 11*q(l). Let p(k) = -7*m(k) - 3*v(k). Determine p(5).
8
Let u = -890 - -893. Let b(w) = 4*w - 9. Give b(u).
3
Let z = 60 + -141. Let i = z + 90. Let d(j) = -j**2 + 10*j - 7. Determine d(i).
2
Suppose 7 = 8*f - 7*f. Let i = f + -9. Let d(m) = -m**3 + m**2 - 5*m - 3. Let b(t) = 3*t**3 - t**2 + 11*t + 7. Let s(n) = -2*b(n) - 5*d(n). Determine s(i).
-9
Suppose 0 = z - 4*z + 126. Suppose -17*b - 60 = z. Let u(i) = i**2 + 6*i + 1. Give u(b).
1
Let p = 34 + -35. Let h be p/(-1) + -1 + 0. Let m(x) = -x - 16. Calculate m(h).
-16
Let p = -56 + 27. Let n = -27 - p. Let d(w) = w**3 + 0*w**n + 2 - 5 + 2*w**2 - w + 7. Determine d(-3).
-2
Let i be 9 + -6 + 4 + 4. Suppose 0 = -4*s + 13 + i. Let x(z) = z**3 - 7*z**2 + 7*z - 1. What is x(s)?
5
Let x(i) = -2*i**3 - 12*i**2 + i + 5. Suppose -32*d + 27*d + 3*u = 33, 0 = -2*d - 5*u - 7. Calculate x(d).
-1
Let u(t) be the first derivative of t**6/360 - t**5/24 - t**4/4 + 19*t**3/3 + 24. Let s(m) be the third derivative of u(m). Give s(5).
-6
Let h(d) = -2*d**3 - 11*d**2 - 23*d - 5. Let m(y) = y**3 + 6*y**2 + 11*y + 2. Let i(g) = -2*h(g) - 5*m(g). What is i(-7)?
14
Let g(s) = -6*s - 21. Suppose 5*u + 10 = 20. Let f(b) = -b - u + 0 - 2. Let m(x) = -21*f(x) + 4*g(x). Give m(4).
-12
Let u be 600/80*7/((-140)/8). Suppose -2*i - 8 = -5*v, 5*i - 4*i - 4*v = -10. Let g(h) = h**2 - i + 0*h + 4 + 3*h. What is g(u)?
-2
Let j(a) = -a**3 + 6*a**2 + 6*a + 6. Let t be j(7). Let r(c) be the first derivative of 7*c**4/4 - c**3/3 - c**2/2 + 56. Give r(t).
-7
Let j(p) be the second derivative of -1/2*p**2 + 0 - 1/2*p**4 - 1/20*p**5 + 4*p + 1/6*p**3. What is j(-6)?
-7
Let t(x) = x**2 - 9. Let g = -9 - -12. Let d(c) = -4*c**2 - 4*c - 4*c + g*c**2 - 2*c. Let i be d(-10). What is t(i)?
-9
Let o be 4/6*(-54)/12. Let f(r) = 5*r - 8. Let y(h) = 2*h - 1. Let x(m) = o*y(m) + f(m). Give x(7).
-12
Let i(b) = b**2 - 4*b - 1. Let m be 5160/45 - (-2)/(-3). Suppose -15 = -m*o + 109*o. Give i(o).
-4
Suppose 8 - 19 = -4*r - x, 2*x = -2. Suppose -r*o = -4*o + 2. Let y(f) = -5 + o*f + 0*f - f**2 + 4*f. Determine y(4).
3
Suppose -2 = 6*w - 20. Let z(t) = -3 - 2*t + 6*t**2 - t**w - 12*t**2 + 12*t**2. What is z(5)?
12
Suppose -120*x = -123*x - 30. Let a(r) = r**2 + 10*r + 7. Calculate a(x).
7
Let u(n) = -3*n**3 + 4*n**2 - 4*n - 5. Let l(q) = 4*q**3 - 3*q**2 + 5*q + 4. Let y(s) = 2*l(s) + 3*u(s). What is y(5)?
8
Let a = -1 - 3. Let h(t) be the third derivative of -t**6/360 - t**5/24 + 23*t**4/24 + 4*t**2. Let m(n) be the second derivative of h(n). What is m(a)?
3
Let l(d) = 2*d - 4. Suppose -4*q - w - 32 + 1 = 0, -3*w = 9. Calculate l(q).
-18
Let f(g) = -g + 4. Suppose -19*m + 27*m = 240. Suppose 12*l + m = 2*l. Calculate f(l).
7
Let a(l) = 7*l**3 - 5*l**2 + 11*l - 1. Let u(o) = 6*o**3 - 5*o**2 + 10*o - 1. Let w(c) = 5*a(c) - 6*u(c). Let m = 238 + -234. 